{"id":71374,"date":"2024-07-26T14:36:14","date_gmt":"2024-07-26T12:36:14","guid":{"rendered":"https:\/\/masc-34.fr\/?page_id=71374"},"modified":"2025-08-26T15:15:26","modified_gmt":"2025-08-26T13:15:26","slug":"poesie-2","status":"publish","type":"page","link":"https:\/\/masc-34.fr\/?page_id=71374","title":{"rendered":"Po\u00e9sie"},"content":{"rendered":"<p>[et_pb_section fb_built=\u00a0\u00bb1&Prime; custom_padding_last_edited=\u00a0\u00bbon|tablet\u00a0\u00bb _builder_version=\u00a0\u00bb4.27.4&Prime; _module_preset=\u00a0\u00bbdefault\u00a0\u00bb background_color=\u00a0\u00bb#161515&Prime; background_image=\u00a0\u00bbhttps:\/\/masc-34.fr\/wp-content\/uploads\/2025\/08\/fond-ecran-web-etoiles.png\u00a0\u00bb background_position=\u00a0\u00bbtop_right\u00a0\u00bb custom_margin=\u00a0\u00bb0px||0px||false|false\u00a0\u00bb custom_padding=\u00a0\u00bb||118px||false|false\u00a0\u00bb custom_padding_tablet=\u00a0\u00bb120px||120px||false|false\u00a0\u00bb custom_padding_phone=\u00a0\u00bb90px||90px||false|false\u00a0\u00bb hover_enabled=\u00a0\u00bb0&Prime; global_colors_info=\u00a0\u00bb{}\u00a0\u00bb title_text=\u00a0\u00bbfond ecran web &#8211; etoiles\u00a0\u00bb sticky_enabled=\u00a0\u00bb0&Prime;][et_pb_row _builder_version=\u00a0\u00bb4.27.0&Prime; _module_preset=\u00a0\u00bbdefault\u00a0\u00bb custom_margin=\u00a0\u00bb||||false|false\u00a0\u00bb custom_padding=\u00a0\u00bb95px||||false|false\u00a0\u00bb global_colors_info=\u00a0\u00bb{}\u00a0\u00bb][et_pb_column type=\u00a0\u00bb4_4&Prime; _builder_version=\u00a0\u00bb4.27.0&Prime; _module_preset=\u00a0\u00bbdefault\u00a0\u00bb global_colors_info=\u00a0\u00bb{}\u00a0\u00bb][et_pb_text _builder_version=\u00a0\u00bb4.27.0&Prime; _module_preset=\u00a0\u00bbdefault\u00a0\u00bb text_font=\u00a0\u00bb|||on|||||\u00a0\u00bb header_4_font=\u00a0\u00bbJost|||on|||||\u00a0\u00bb header_4_text_align=\u00a0\u00bbcenter\u00a0\u00bb header_4_text_color=\u00a0\u00bb#fcfcfc\u00a0\u00bb header_4_font_size=\u00a0\u00bb14px\u00a0\u00bb header_4_letter_spacing=\u00a0\u00bb1.8px\u00a0\u00bb header_4_line_height=\u00a0\u00bb1.2em\u00a0\u00bb custom_margin=\u00a0\u00bb0px||9px||false|false\u00a0\u00bb custom_padding=\u00a0\u00bb0px||0px||false|false\u00a0\u00bb global_colors_info=\u00a0\u00bb{}\u00a0\u00bb]<\/p>\n<h4>Po\u00e9sie<\/h4>\n<p>[\/et_pb_text][et_pb_text _builder_version=\u00a0\u00bb4.27.0&Prime; _module_preset=\u00a0\u00bbdefault\u00a0\u00bb header_2_font=\u00a0\u00bbJost||||||||\u00a0\u00bb header_2_text_align=\u00a0\u00bbcenter\u00a0\u00bb header_2_text_color=\u00a0\u00bb#fcfcfc\u00a0\u00bb header_2_font_size=\u00a0\u00bb55px\u00a0\u00bb header_2_line_height=\u00a0\u00bb1.1em\u00a0\u00bb custom_margin=\u00a0\u00bb0px||0px||false|false\u00a0\u00bb custom_padding=\u00a0\u00bb0px||0px||false|false\u00a0\u00bb header_2_font_size_tablet=\u00a0\u00bb55px\u00a0\u00bb header_2_font_size_phone=\u00a0\u00bb32px\u00a0\u00bb header_2_font_size_last_edited=\u00a0\u00bbon|phone\u00a0\u00bb global_colors_info=\u00a0\u00bb{}\u00a0\u00bb]<\/p>\n<h2>Le Cercle des Croqueurs de Po\u00e8mes<\/h2>\n<p>[\/et_pb_text][\/et_pb_column][\/et_pb_row][et_pb_row column_structure=\u00a0\u00bb1_4,3_4&Prime; _builder_version=\u00a0\u00bb4.27.0&Prime; _module_preset=\u00a0\u00bbdefault\u00a0\u00bb background_image=\u00a0\u00bbhttps:\/\/masc-34.fr\/wp-content\/uploads\/2024\/07\/conference-5-try-4.png\u00a0\u00bb background_last_edited=\u00a0\u00bbon|phone\u00a0\u00bb global_colors_info=\u00a0\u00bb{}\u00a0\u00bb][et_pb_column type=\u00a0\u00bb1_4&Prime; _builder_version=\u00a0\u00bb4.27.0&Prime; _module_preset=\u00a0\u00bbdefault\u00a0\u00bb global_colors_info=\u00a0\u00bb{}\u00a0\u00bb][et_pb_text _builder_version=\u00a0\u00bb4.27.4&Prime; _module_preset=\u00a0\u00bbdefault\u00a0\u00bb text_text_color=\u00a0\u00bb#FFFFFF\u00a0\u00bb global_colors_info=\u00a0\u00bb{}\u00a0\u00bb]<\/p>\n<p><strong>D\u00e9but des ateliers <\/strong><\/p>\n<p><strong>le 3 septembre 2025 \u00e0 16 h 30<\/strong><\/p>\n<p>Rendez-vous au si\u00e8ge de l&rsquo;association MASC-34,<\/p>\n<p>5 rue Sainte Barbe<\/p>\n<p>34260 Graissessac<\/p>\n<p>[\/et_pb_text][et_pb_text _builder_version=\u00a0\u00bb4.27.0&Prime; _module_preset=\u00a0\u00bbdefault\u00a0\u00bb text_text_color=\u00a0\u00bb#FFFFFF\u00a0\u00bb global_colors_info=\u00a0\u00bb{}\u00a0\u00bb]<\/p>\n<p><img loading=\"lazy\" decoding=\"async\" src=\"https:\/\/masc-34.fr\/wp-content\/uploads\/2024\/07\/poesie.jpg\" width=\"600\" height=\"600\" alt=\"\" class=\"wp-image-71122 alignnone size-full\" srcset=\"https:\/\/masc-34.fr\/wp-content\/uploads\/2024\/07\/poesie.jpg 600w, https:\/\/masc-34.fr\/wp-content\/uploads\/2024\/07\/poesie-480x480.jpg 480w\" sizes=\"(min-width: 0px) and (max-width: 480px) 480px, (min-width: 481px) 600px, 100vw\" \/><\/p>\n<p>[\/et_pb_text][et_pb_text _builder_version=\u00a0\u00bb4.27.0&Prime; _module_preset=\u00a0\u00bbdefault\u00a0\u00bb text_text_color=\u00a0\u00bb#FFFFFF\u00a0\u00bb global_colors_info=\u00a0\u00bb{}\u00a0\u00bb]<\/p>\n<p><img loading=\"lazy\" decoding=\"async\" src=\"https:\/\/masc-34.fr\/wp-content\/uploads\/2024\/08\/IMG_5083-300x199.jpg\" width=\"300\" height=\"199\" alt=\"\" class=\"wp-image-71771 alignnone size-medium\" srcset=\"https:\/\/masc-34.fr\/wp-content\/uploads\/2024\/08\/IMG_5083-300x199.jpg 300w, https:\/\/masc-34.fr\/wp-content\/uploads\/2024\/08\/IMG_5083.jpg 450w\" sizes=\"(max-width: 300px) 100vw, 300px\" \/><\/p>\n<p>[\/et_pb_text][et_pb_text _builder_version=\u00a0\u00bb4.27.0&Prime; _module_preset=\u00a0\u00bbdefault\u00a0\u00bb text_text_color=\u00a0\u00bb#FFFFFF\u00a0\u00bb global_colors_info=\u00a0\u00bb{}\u00a0\u00bb]<\/p>\n<p><img loading=\"lazy\" decoding=\"async\" src=\"https:\/\/masc-34.fr\/wp-content\/uploads\/2024\/07\/IMG_5103-1024x768.jpg\" width=\"1024\" height=\"768\" alt=\"\" class=\"wp-image-71647 alignnone size-large\" srcset=\"https:\/\/masc-34.fr\/wp-content\/uploads\/2024\/07\/IMG_5103-980x735.jpg 980w, https:\/\/masc-34.fr\/wp-content\/uploads\/2024\/07\/IMG_5103-480x360.jpg 480w\" sizes=\"(min-width: 0px) and (max-width: 480px) 480px, (min-width: 481px) and (max-width: 980px) 980px, (min-width: 981px) 1024px, 100vw\" \/><\/p>\n<p>[\/et_pb_text][et_pb_text _builder_version=\u00a0\u00bb4.27.0&Prime; _module_preset=\u00a0\u00bbdefault\u00a0\u00bb text_text_color=\u00a0\u00bb#FFFFFF\u00a0\u00bb global_colors_info=\u00a0\u00bb{}\u00a0\u00bb]<\/p>\n<p><img loading=\"lazy\" decoding=\"async\" src=\"https:\/\/masc-34.fr\/wp-content\/uploads\/2024\/07\/IMG_5102-296x300.jpg\" width=\"296\" height=\"300\" alt=\"\" class=\"wp-image-71648 alignnone size-medium\" \/><\/p>\n<p>[\/et_pb_text][\/et_pb_column][et_pb_column type=\u00a0\u00bb3_4&Prime; _builder_version=\u00a0\u00bb4.27.0&Prime; _module_preset=\u00a0\u00bbdefault\u00a0\u00bb global_colors_info=\u00a0\u00bb{}\u00a0\u00bb][et_pb_text _builder_version=\u00a0\u00bb4.27.0&Prime; _module_preset=\u00a0\u00bbdefault\u00a0\u00bb text_text_color=\u00a0\u00bb#FFFFFF\u00a0\u00bb width=\u00a0\u00bb100%\u00a0\u00bb custom_padding=\u00a0\u00bb36px||70px|||\u00a0\u00bb global_colors_info=\u00a0\u00bb{}\u00a0\u00bb]<\/p>\n<p style=\"text-align: justify;\"><strong>D\u00e9couvrez la magie des mots avec le Cercle des Croqueurs de Po\u00e8mes !\u00a0<\/strong><\/p>\n<p style=\"text-align: justify;\">Le Cercle des Croqueurs de Po\u00e8mes vous invite \u00e0 participer \u00e0 ses ateliers de po\u00e9sie, un espace d&rsquo;expression ouvert \u00e0 toutes les sensibilit\u00e9s et cultures, o\u00f9 chacun peut laisser libre cours \u00e0 sa cr\u00e9ativit\u00e9 et explorer la richesse de l&rsquo;\u00e9criture po\u00e9tique. Que vous soyez po\u00e8te d\u00e9butant ou confirm\u00e9, nos ateliers sont l&rsquo;occasion id\u00e9ale pour partager vos textes, d\u00e9couvrir des \u0153uvres de po\u00e8tes c\u00e9l\u00e8bres et enrichir votre pratique de la po\u00e9sie.\u00a0<\/p>\n<p style=\"text-align: justify;\"><strong>Un Espace d&rsquo;Expression et de Partage\u00a0<\/strong><\/p>\n<p style=\"text-align: justify;\">Nos ateliers offrent un cadre bienveillant et inspirant o\u00f9 chaque participant peut :<\/p>\n<p style=\"text-align: justify;\">&#8211; \u00c9laborer ses propres textes : Exprimez vos \u00e9motions, vos pens\u00e9es et vos r\u00eaves \u00e0 travers des po\u00e8mes que vous pouvez cr\u00e9er librement.<\/p>\n<p style=\"text-align: justify;\">&#8211; Partager ses cr\u00e9ations : Lisez vos textes \u00e0 voix haute et recevez des retours constructifs et bienveillants de la part des autres membres.<\/p>\n<p style=\"text-align: justify;\">&#8211; Explorer la po\u00e9sie des autres : Choisissez des po\u00e8mes de grands auteurs pour les pr\u00e9senter, discuter de leur style, de leurs th\u00e8mes et de leur impact.\u00a0<\/p>\n<p style=\"text-align: justify;\"><strong>Une Ouverture sur le Monde\u00a0<\/strong><\/p>\n<p style=\"text-align: justify;\">Le Cercle des Croqueurs de Po\u00e8mes valorise la diversit\u00e9 des perspectives et des cultures. Chaque atelier est une opportunit\u00e9 de d\u00e9couvrir des \u0153uvres po\u00e9tiques venant des quatre coins du monde, et d&rsquo;engager des discussions enrichissantes sur les diff\u00e9rentes traditions et formes po\u00e9tiques. Cette ouverture vous permettra de nourrir votre propre \u00e9criture avec des influences vari\u00e9es et de d\u00e9velopper une vision plus large et inclusive de la po\u00e9sie.\u00a0<\/p>\n<p style=\"text-align: justify;\"><strong>Fr\u00e9quence et Lieu des Ateliers\u00a0<\/strong><\/p>\n<p style=\"text-align: justify;\">Les ateliers de po\u00e9sie se d\u00e9roulent tous les quinze jours au si\u00e8ge de l&rsquo;association MASC-34. Ils constituent une parenth\u00e8se cr\u00e9ative dans votre routine, un moment privil\u00e9gi\u00e9 pour vous immerger dans l&rsquo;univers des mots et partager votre passion avec d&rsquo;autres amateurs de po\u00e9sie.<\/p>\n<p style=\"text-align: justify;\">\u00a0<\/p>\n<p style=\"text-align: justify;\"><strong>Pourquoi Participer ?<\/strong><\/p>\n<p style=\"text-align: justify;\">&#8211; Inspiration et Cr\u00e9ativit\u00e9 : Stimulez votre imagination et d\u00e9veloppez votre talent po\u00e9tique.<\/p>\n<p style=\"text-align: justify;\">&#8211; Communaut\u00e9 Bienveillante : Rencontrez des personnes partageant la m\u00eame passion et \u00e9changez dans une ambiance conviviale et respectueuse.<\/p>\n<p style=\"text-align: justify;\">&#8211; Enrichissement Culturel : D\u00e9couvrez des \u0153uvres et des styles po\u00e9tiques vari\u00e9s, et ouvrez-vous \u00e0 de nouvelles perspectives.<\/p>\n<p style=\"text-align: justify;\">\u00a0<\/p>\n<p style=\"text-align: justify;\"><strong>Rejoignez-nous !\u00a0<\/strong><\/p>\n<p style=\"text-align: justify;\">N&rsquo;attendez plus pour venir partager vos mots et vos \u00e9motions avec le Cercle des Croqueurs de Po\u00e8mes. Pour plus d&rsquo;informations et pour conna\u00eetre les dates des prochains ateliers, rendez-vous sur notre site web ou contactez-nous directement.\u00a0<\/p>\n<p style=\"text-align: justify;\">Nous avons h\u00e2te de vous accueillir et de d\u00e9couvrir ensemble la beaut\u00e9 de la po\u00e9sie !<\/p>\n<p>[\/et_pb_text][\/et_pb_column][\/et_pb_row][\/et_pb_section]<\/p>\n","protected":false},"excerpt":{"rendered":"<p>Po\u00e9sieLe Cercle des Croqueurs de Po\u00e8mesD\u00e9but des ateliers le 3 septembre 2025 \u00e0 16 h 30 Rendez-vous au si\u00e8ge de l&rsquo;association MASC-34, 5 rue Sainte Barbe 34260 GraissessacD\u00e9couvrez la magie des mots avec le Cercle des Croqueurs de Po\u00e8mes !\u00a0 Le Cercle des Croqueurs de Po\u00e8mes vous invite \u00e0 participer \u00e0 ses ateliers de po\u00e9sie, un espace d&rsquo;expression ouvert \u00e0 toutes les sensibilit\u00e9s et cultures, o\u00f9 chacun peut laisser libre cours \u00e0 sa cr\u00e9ativit\u00e9 et explorer la richesse de l&rsquo;\u00e9criture po\u00e9tique. Que vous soyez po\u00e8te d\u00e9butant ou confirm\u00e9, nos ateliers sont l&rsquo;occasion id\u00e9ale pour partager vos textes, d\u00e9couvrir des \u0153uvres de po\u00e8tes c\u00e9l\u00e8bres et enrichir votre pratique de la po\u00e9sie.\u00a0 Un Espace d&rsquo;Expression et de Partage\u00a0 Nos ateliers offrent un cadre bienveillant et inspirant o\u00f9 chaque participant peut : &#8211; \u00c9laborer ses propres textes : Exprimez vos \u00e9motions, vos pens\u00e9es et vos r\u00eaves \u00e0 travers des po\u00e8mes que vous pouvez cr\u00e9er librement. &#8211; Partager ses cr\u00e9ations : Lisez vos textes \u00e0 voix haute et recevez des retours constructifs et bienveillants de la part des autres membres. &#8211; Explorer la po\u00e9sie des autres : Choisissez des po\u00e8mes de grands auteurs pour les pr\u00e9senter, discuter de leur style, de leurs th\u00e8mes et [&hellip;]<\/p>\n","protected":false},"author":1,"featured_media":0,"parent":0,"menu_order":0,"comment_status":"closed","ping_status":"closed","template":"","meta":{"_et_pb_use_builder":"on","_et_pb_old_content":"","_et_gb_content_width":"","footnotes":""},"class_list":["post-71374","page","type-page","status-publish","hentry"],"yoast_head":"<!-- This site is optimized with the Yoast SEO plugin v27.5 - https:\/\/yoast.com\/product\/yoast-seo-wordpress\/ -->\n<title>Po\u00e9sie - MASC-34<\/title>\n<meta name=\"robots\" content=\"index, follow, max-snippet:-1, max-image-preview:large, max-video-preview:-1\" \/>\n<link rel=\"canonical\" href=\"https:\/\/masc-34.fr\/?page_id=71374\" \/>\n<meta property=\"og:locale\" content=\"fr_FR\" \/>\n<meta property=\"og:type\" content=\"article\" \/>\n<meta property=\"og:title\" content=\"Po\u00e9sie - MASC-34\" \/>\n<meta property=\"og:description\" content=\"Po\u00e9sieLe Cercle des Croqueurs de Po\u00e8mesD\u00e9but des ateliers le 3 septembre 2025 \u00e0 16 h 30 Rendez-vous au si\u00e8ge de l&#039;association MASC-34, 5 rue Sainte Barbe 34260 GraissessacD\u00e9couvrez la magie des mots avec le Cercle des Croqueurs de Po\u00e8mes !\u00a0 Le Cercle des Croqueurs de Po\u00e8mes vous invite \u00e0 participer \u00e0 ses ateliers de po\u00e9sie, un espace d&#039;expression ouvert \u00e0 toutes les sensibilit\u00e9s et cultures, o\u00f9 chacun peut laisser libre cours \u00e0 sa cr\u00e9ativit\u00e9 et explorer la richesse de l&#039;\u00e9criture po\u00e9tique. Que vous soyez po\u00e8te d\u00e9butant ou confirm\u00e9, nos ateliers sont l&#039;occasion id\u00e9ale pour partager vos textes, d\u00e9couvrir des \u0153uvres de po\u00e8tes c\u00e9l\u00e8bres et enrichir votre pratique de la po\u00e9sie.\u00a0 Un Espace d&#039;Expression et de Partage\u00a0 Nos ateliers offrent un cadre bienveillant et inspirant o\u00f9 chaque participant peut : - \u00c9laborer ses propres textes : Exprimez vos \u00e9motions, vos pens\u00e9es et vos r\u00eaves \u00e0 travers des po\u00e8mes que vous pouvez cr\u00e9er librement. - Partager ses cr\u00e9ations : Lisez vos textes \u00e0 voix haute et recevez des retours constructifs et bienveillants de la part des autres membres. - Explorer la po\u00e9sie des autres : Choisissez des po\u00e8mes de grands auteurs pour les pr\u00e9senter, discuter de leur style, de leurs th\u00e8mes et [&hellip;]\" \/>\n<meta property=\"og:url\" content=\"https:\/\/masc-34.fr\/?page_id=71374\" \/>\n<meta property=\"og:site_name\" content=\"MASC-34\" \/>\n<meta property=\"article:publisher\" content=\"https:\/\/facebook.com\/MASC34\" \/>\n<meta property=\"article:modified_time\" content=\"2025-08-26T13:15:26+00:00\" \/>\n<meta property=\"og:image\" content=\"https:\/\/masc-34.fr\/wp-content\/uploads\/2024\/07\/poesie.jpg\" \/>\n\t<meta property=\"og:image:width\" content=\"600\" \/>\n\t<meta property=\"og:image:height\" content=\"600\" \/>\n\t<meta property=\"og:image:type\" content=\"image\/jpeg\" \/>\n<meta name=\"twitter:card\" content=\"summary_large_image\" \/>\n<script type=\"application\/ld+json\" class=\"yoast-schema-graph\">{\"@context\":\"https:\\\/\\\/schema.org\",\"@graph\":[{\"@type\":\"WebPage\",\"@id\":\"https:\\\/\\\/masc-34.fr\\\/?page_id=71374\",\"url\":\"https:\\\/\\\/masc-34.fr\\\/?page_id=71374\",\"name\":\"Po\u00e9sie - MASC-34\",\"isPartOf\":{\"@id\":\"https:\\\/\\\/masc-34.fr\\\/#website\"},\"primaryImageOfPage\":{\"@id\":\"https:\\\/\\\/masc-34.fr\\\/?page_id=71374#primaryimage\"},\"image\":{\"@id\":\"https:\\\/\\\/masc-34.fr\\\/?page_id=71374#primaryimage\"},\"thumbnailUrl\":\"https:\\\/\\\/masc-34.fr\\\/wp-content\\\/uploads\\\/2024\\\/07\\\/poesie.jpg\",\"datePublished\":\"2024-07-26T12:36:14+00:00\",\"dateModified\":\"2025-08-26T13:15:26+00:00\",\"breadcrumb\":{\"@id\":\"https:\\\/\\\/masc-34.fr\\\/?page_id=71374#breadcrumb\"},\"inLanguage\":\"fr-FR\",\"potentialAction\":[{\"@type\":\"ReadAction\",\"target\":[\"https:\\\/\\\/masc-34.fr\\\/?page_id=71374\"]}]},{\"@type\":\"ImageObject\",\"inLanguage\":\"fr-FR\",\"@id\":\"https:\\\/\\\/masc-34.fr\\\/?page_id=71374#primaryimage\",\"url\":\"https:\\\/\\\/masc-34.fr\\\/wp-content\\\/uploads\\\/2024\\\/07\\\/poesie.jpg\",\"contentUrl\":\"https:\\\/\\\/masc-34.fr\\\/wp-content\\\/uploads\\\/2024\\\/07\\\/poesie.jpg\",\"width\":600,\"height\":600},{\"@type\":\"BreadcrumbList\",\"@id\":\"https:\\\/\\\/masc-34.fr\\\/?page_id=71374#breadcrumb\",\"itemListElement\":[{\"@type\":\"ListItem\",\"position\":1,\"name\":\"Accueil\",\"item\":\"https:\\\/\\\/masc-34.fr\\\/\"},{\"@type\":\"ListItem\",\"position\":2,\"name\":\"Po\u00e9sie\"}]},{\"@type\":\"WebSite\",\"@id\":\"https:\\\/\\\/masc-34.fr\\\/#website\",\"url\":\"https:\\\/\\\/masc-34.fr\\\/\",\"name\":\"MASC-34\",\"description\":\"Musique Arts Spectacle Culture\",\"publisher\":{\"@id\":\"https:\\\/\\\/masc-34.fr\\\/#organization\"},\"potentialAction\":[{\"@type\":\"SearchAction\",\"target\":{\"@type\":\"EntryPoint\",\"urlTemplate\":\"https:\\\/\\\/masc-34.fr\\\/?s={search_term_string}\"},\"query-input\":{\"@type\":\"PropertyValueSpecification\",\"valueRequired\":true,\"valueName\":\"search_term_string\"}}],\"inLanguage\":\"fr-FR\"},{\"@type\":\"Organization\",\"@id\":\"https:\\\/\\\/masc-34.fr\\\/#organization\",\"name\":\"Association MASC-34\",\"url\":\"https:\\\/\\\/masc-34.fr\\\/\",\"logo\":{\"@type\":\"ImageObject\",\"inLanguage\":\"fr-FR\",\"@id\":\"https:\\\/\\\/masc-34.fr\\\/#\\\/schema\\\/logo\\\/image\\\/\",\"url\":\"https:\\\/\\\/masc-34.fr\\\/wp-content\\\/uploads\\\/2022\\\/09\\\/Logo-MASC34-V5.png\",\"contentUrl\":\"https:\\\/\\\/masc-34.fr\\\/wp-content\\\/uploads\\\/2022\\\/09\\\/Logo-MASC34-V5.png\",\"width\":1922,\"height\":1974,\"caption\":\"Association MASC-34\"},\"image\":{\"@id\":\"https:\\\/\\\/masc-34.fr\\\/#\\\/schema\\\/logo\\\/image\\\/\"},\"sameAs\":[\"https:\\\/\\\/facebook.com\\\/MASC34\"]}]}<\/script>\n<!-- \/ Yoast SEO plugin. -->","yoast_head_json":{"title":"Po\u00e9sie - MASC-34","robots":{"index":"index","follow":"follow","max-snippet":"max-snippet:-1","max-image-preview":"max-image-preview:large","max-video-preview":"max-video-preview:-1"},"canonical":"https:\/\/masc-34.fr\/?page_id=71374","og_locale":"fr_FR","og_type":"article","og_title":"Po\u00e9sie - MASC-34","og_description":"Po\u00e9sieLe Cercle des Croqueurs de Po\u00e8mesD\u00e9but des ateliers le 3 septembre 2025 \u00e0 16 h 30 Rendez-vous au si\u00e8ge de l'association MASC-34, 5 rue Sainte Barbe 34260 GraissessacD\u00e9couvrez la magie des mots avec le Cercle des Croqueurs de Po\u00e8mes !\u00a0 Le Cercle des Croqueurs de Po\u00e8mes vous invite \u00e0 participer \u00e0 ses ateliers de po\u00e9sie, un espace d'expression ouvert \u00e0 toutes les sensibilit\u00e9s et cultures, o\u00f9 chacun peut laisser libre cours \u00e0 sa cr\u00e9ativit\u00e9 et explorer la richesse de l'\u00e9criture po\u00e9tique. Que vous soyez po\u00e8te d\u00e9butant ou confirm\u00e9, nos ateliers sont l'occasion id\u00e9ale pour partager vos textes, d\u00e9couvrir des \u0153uvres de po\u00e8tes c\u00e9l\u00e8bres et enrichir votre pratique de la po\u00e9sie.\u00a0 Un Espace d'Expression et de Partage\u00a0 Nos ateliers offrent un cadre bienveillant et inspirant o\u00f9 chaque participant peut : - \u00c9laborer ses propres textes : Exprimez vos \u00e9motions, vos pens\u00e9es et vos r\u00eaves \u00e0 travers des po\u00e8mes que vous pouvez cr\u00e9er librement. - Partager ses cr\u00e9ations : Lisez vos textes \u00e0 voix haute et recevez des retours constructifs et bienveillants de la part des autres membres. - Explorer la po\u00e9sie des autres : Choisissez des po\u00e8mes de grands auteurs pour les pr\u00e9senter, discuter de leur style, de leurs th\u00e8mes et [&hellip;]","og_url":"https:\/\/masc-34.fr\/?page_id=71374","og_site_name":"MASC-34","article_publisher":"https:\/\/facebook.com\/MASC34","article_modified_time":"2025-08-26T13:15:26+00:00","og_image":[{"width":600,"height":600,"url":"https:\/\/masc-34.fr\/wp-content\/uploads\/2024\/07\/poesie.jpg","type":"image\/jpeg"}],"twitter_card":"summary_large_image","schema":{"@context":"https:\/\/schema.org","@graph":[{"@type":"WebPage","@id":"https:\/\/masc-34.fr\/?page_id=71374","url":"https:\/\/masc-34.fr\/?page_id=71374","name":"Po\u00e9sie - MASC-34","isPartOf":{"@id":"https:\/\/masc-34.fr\/#website"},"primaryImageOfPage":{"@id":"https:\/\/masc-34.fr\/?page_id=71374#primaryimage"},"image":{"@id":"https:\/\/masc-34.fr\/?page_id=71374#primaryimage"},"thumbnailUrl":"https:\/\/masc-34.fr\/wp-content\/uploads\/2024\/07\/poesie.jpg","datePublished":"2024-07-26T12:36:14+00:00","dateModified":"2025-08-26T13:15:26+00:00","breadcrumb":{"@id":"https:\/\/masc-34.fr\/?page_id=71374#breadcrumb"},"inLanguage":"fr-FR","potentialAction":[{"@type":"ReadAction","target":["https:\/\/masc-34.fr\/?page_id=71374"]}]},{"@type":"ImageObject","inLanguage":"fr-FR","@id":"https:\/\/masc-34.fr\/?page_id=71374#primaryimage","url":"https:\/\/masc-34.fr\/wp-content\/uploads\/2024\/07\/poesie.jpg","contentUrl":"https:\/\/masc-34.fr\/wp-content\/uploads\/2024\/07\/poesie.jpg","width":600,"height":600},{"@type":"BreadcrumbList","@id":"https:\/\/masc-34.fr\/?page_id=71374#breadcrumb","itemListElement":[{"@type":"ListItem","position":1,"name":"Accueil","item":"https:\/\/masc-34.fr\/"},{"@type":"ListItem","position":2,"name":"Po\u00e9sie"}]},{"@type":"WebSite","@id":"https:\/\/masc-34.fr\/#website","url":"https:\/\/masc-34.fr\/","name":"MASC-34","description":"Musique Arts Spectacle Culture","publisher":{"@id":"https:\/\/masc-34.fr\/#organization"},"potentialAction":[{"@type":"SearchAction","target":{"@type":"EntryPoint","urlTemplate":"https:\/\/masc-34.fr\/?s={search_term_string}"},"query-input":{"@type":"PropertyValueSpecification","valueRequired":true,"valueName":"search_term_string"}}],"inLanguage":"fr-FR"},{"@type":"Organization","@id":"https:\/\/masc-34.fr\/#organization","name":"Association MASC-34","url":"https:\/\/masc-34.fr\/","logo":{"@type":"ImageObject","inLanguage":"fr-FR","@id":"https:\/\/masc-34.fr\/#\/schema\/logo\/image\/","url":"https:\/\/masc-34.fr\/wp-content\/uploads\/2022\/09\/Logo-MASC34-V5.png","contentUrl":"https:\/\/masc-34.fr\/wp-content\/uploads\/2022\/09\/Logo-MASC34-V5.png","width":1922,"height":1974,"caption":"Association MASC-34"},"image":{"@id":"https:\/\/masc-34.fr\/#\/schema\/logo\/image\/"},"sameAs":["https:\/\/facebook.com\/MASC34"]}]}},"_links":{"self":[{"href":"https:\/\/masc-34.fr\/index.php?rest_route=\/wp\/v2\/pages\/71374","targetHints":{"allow":["GET"]}}],"collection":[{"href":"https:\/\/masc-34.fr\/index.php?rest_route=\/wp\/v2\/pages"}],"about":[{"href":"https:\/\/masc-34.fr\/index.php?rest_route=\/wp\/v2\/types\/page"}],"author":[{"embeddable":true,"href":"https:\/\/masc-34.fr\/index.php?rest_route=\/wp\/v2\/users\/1"}],"replies":[{"embeddable":true,"href":"https:\/\/masc-34.fr\/index.php?rest_route=%2Fwp%2Fv2%2Fcomments&post=71374"}],"version-history":[{"count":10,"href":"https:\/\/masc-34.fr\/index.php?rest_route=\/wp\/v2\/pages\/71374\/revisions"}],"predecessor-version":[{"id":72097,"href":"https:\/\/masc-34.fr\/index.php?rest_route=\/wp\/v2\/pages\/71374\/revisions\/72097"}],"wp:attachment":[{"href":"https:\/\/masc-34.fr\/index.php?rest_route=%2Fwp%2Fv2%2Fmedia&parent=71374"}],"curies":[{"name":"wp","href":"https:\/\/api.w.org\/{rel}","templated":true}]}}